hen 172 is divided by 60.
52
Calculate the remainder when 467 is divided by 154.
5
What is the remainder when 1180 is divided by 91?
88
What is the remainder when 427 is divided by 8?
3
Calculate the remainder when 179 is divided by 27.
17
What is the remainder when 341 is divided by 38?
37
What is the remainder when 105 is divided by 18?
15
What is the remainder when 188 is divided by 51?
35
Calculate the remainder when 178 is divided by 58.
4
Calculate the remainder when 492 is divided by 127.
111
Calculate the remainder when 465 is divided by 109.
29
What is the remainder when 129 is divided by 13?
12
Calculate the remainder when 348 is divided by 37.
15
What is the remainder when 362 is divided by 196?
166
What is the remainder when 3159 is divided by 6?
3
What is the remainder when 273 is divided by 69?
66
Calculate the remainder when 3114 is divided by 616.
34
Calculate the remainder when 144 is divided by 74.
70
Calculate the remainder when 565 is divided by 57.
52
Calculate the remainder when 76 is divided by 62.
14
Calculate the remainder when 45 is divided by 37.
8
Calculate the remainder when 6247 is divided by 125.
122
Calculate the remainder when 1761 is divided by 14.
11
Calculate the remainder when 780 is divided by 76.
20
What is the remainder when 51 is divided by 9?
6
What is the remainder when 477 is divided by 48?
45
What is the remainder when 6839 is divided by 2274?
17
Calculate the remainder when 2209 is divided by 34.
33
What is the remainder when 1008 is divided by 101?
99
What is the remainder when 8266 is divided by 12?
10
Calculate the remainder when 467 is divided by 18.
17
Calculate the remainder when 805 is divided by 244.
73
What is the remainder when 47 is divided by 25?
22
Calculate the remainder when 174 is divided by 45.
39
What is the remainder when 83 is divided by 52?
31
What is the remainder when 110 is divided by 42?
26
What is the remainder when 2183 is divided by 14?
13
Calculate the remainder when 25 is divided by 11.
3
What is the remainder when 74 is divided by 35?
4
What is the remainder when 2131 is divided by 217?
178
What is the remainder when 101 is divided by 85?
16
What is the remainder when 297 is divided by 71?
13
Calculate the remainder when 319 is divided by 312.
7
What is the remainder when 286 is divided by 140?
6
What is the remainder when 299 is divided by 28?
19
Calculate the remainder when 122 is divided by 66.
56
Calculate the remainder when 474 is divided by 68.
66
What is the remainder when 176 is divided by 155?
21
What is the remainder when 34 is divided by 13?
8
Calculate the remainder when 1175 is divided by 11.
9
Calculate the remainder when 10142 is divided by 89.
85
Calculate the remainder when 173 is divided by 30.
23
Calculate the remainder when 1095 is divided by 138.
129
What is the remainder when 506 is divided by 12?
2
Calculate the remainder when 82 is divided by 53.
29
What is the remainder when 587 is divided by 550?
37
What is the remainder when 567 is divided by 119?
91
Calculate the remainder when 212 is divided by 27.
23
What is the remainder when 219 is divided by 168?
51
Calculate the remainder when 6383 is divided by 3.
2
Calculate the remainder when 606 is divided by 32.
30
What is the remainder when 759 is divided by 3?
0
Calculate the remainder when 6238 is divided by 130.
128
Calculate the remainder when 241 is divided by 22.
21
Calculate the remainder when 213 is divided by 14.
3
Calculate the remainder when 417 is divided by 150.
117
Calculate the remainder when 140 is divided by 24.
20
Calculate the remainder when 254 is divided by 129.
125
Calculate the remainder when 268 is divided by 101.
66
Calculate the remainder when 4379 is divided by 273.
11
Calculate the remainder when 618 is divided by 9.
6
What is the remainder when 39 is divided by 13?
0
Calculate the remainder when 95 is divided by 3.
2
What is the remainder when 15 is divided by 6?
3
What is the remainder when 215 is divided by 56?
47
What is the remainder when 126 is divided by 22?
16
What is the remainder when 921 is divided by 4?
1
Calculate the remainder when 1204 is divided by 13.
8
Calculate the remainder when 233 is divided by 57.
5
What is the remainder when 856 is divided by 83?
26
What is the remainder when 7250 is divided by 191?
183
What is the remainder when 290 is divided by 273?
17
What is the remainder when 221 is divided by 132?
89
What is the remainder when 1681 is divided by 153?
151
What is the remainder when 47 is divided by 12?
11
What is the remainder when 604 is divided by 274?
56
Calculate the remainder when 958 is divided by 57.
46
Calculate the remainder when 1622 is divided by 220.
82
Calculate the remainder when 31975 is divided by 59.
56
What is the remainder when 270 is divided by 54?
0
What is the remainder when 1638 is divided by 12?
6
Calculate the remainder when 89 is divided by 37.
15
Calculate the remainder when 129 is divided by 33.
30
Calculate the remainder when 350 is divided by 29.
2
What is the remainder when 316 is divided by 228?
88
Calculate the remainder when 177 is divided by 6.
3
What is the remainder when 505 is divided by 90?
55
What is the remainder when 143 is divided by 18?
17
What is the remainder when 5453 is divided by 31?
28
Calculate the remainder when 3517 is divided by 32.
29
What is the remainder when 31 is divided by 17?
14
Calculate the remainder when 9322 is divided by 36.
34
Calculate the remainder when 951 is divided by 56.
55
What is the remainder when 577 is divided by 83?
79
Calculate the remainder when 181 is divided by 20.
1
Calculate the remainder when 1223 is divided by 15.
8
What is the remainder when 2102 is divided by 81?
77
What is the remainder when 84 is divided by 53?
31
What is the remainder when 330 is divided by 114?
102
Calculate the remainder when 263 is divided by 12.
11
Calculate the remainder when 92 is divided by 51.
41
Calculate the remainder when 252 is divided by 180.
72
What is the remainder when 1678 is divided by 38?
6
What is the remainder when 185 is divided by 99?
86
Calculate the remainder when 370 is divided by 15.
10
What is the remainder when 851 is divided by 57?
53
What is the remainder when 10394 is divided by 15?
14
Calculate the remainder when 196 is divided by 11.
9
Calculate the remainder when 86 is divided by 46.
40
What is the remainder when 100 is divided by 6?
4
Calculate the remainder when 8473 is divided by 7.
3
Calculate the remainder when 1175 is divided by 92.
71
What is the remainder when 5266 is divided by 1750?
16
Calculate the remainder when 139 is divided by 57.
25
Calculate the remainder when 480 is divided by 166.
148
What is the remainder when 124 is divided by 7?
5
What is the remainder when 1317 is divided by 22?
19
What is the remainder when 539 is divided by 18?
17
Calculate the remainder when 190 is divided by 82.
26
What is the remainder when 657 is divided by 47?
46
What is the remainder when 2858 is divided by 106?
102
Calculate the remainder when 55 is divided by 52.
3
Calculate the remainder when 213 is divided by 36.
33
Calculate the remainder when 18961 is divided by 38.
37
Calculate the remainder when 306 is divided by 31.
27
Calculate the remainder when 7551 is divided by 16.
15
What is the remainder when 155 is divided by 62?
31
What is the remainder when 6870 is divided by 11?
6
What is the remainder when 27053 is divided by 76?
73
Calculate the remainder when 14 is divided by 2.
0
Calculate the remainder when 137 is divided by 71.
66
What is the remainder when 10812 is divided by 10806?
6
Calculate the remainder when 2965 is divided by 28.
25
Calculate the remainder when 801 is divided by 27.
18
What is the remainder when 4974 is divided by 16?
14
What is the remainder when 47412 is divided by 5?
2
What is the remainder when 106 is divided by 44?
18
What is the remainder when 2923 is divided by 32?
11
What is the remainder when 28289 is divided by 44?
41
What is the remainder when 920 is divided by 18?
2
What is the remainder when 342 is divided by 87?
81
Calculate the remainder when 5311 is divided by 83.
82
Calculate the remainder when 8136 is divided by 110.
106
Calculate the remainder when 5199 is divided by 94.
29
What is the remainde